.
6
Suppose -q = 4*q - 340. Calculate the highest common factor of 17 and q.
17
Let m(v) = v**3 + v**2 + 11. Let o be (1 + 2 + -3)/(-3). Let y be m(o). Calculate the highest common factor of 33 and y.
11
Let v(j) = j**2 + 5*j + 2. Let i be v(-7). What is the highest common factor of i and 8?
8
Let v = 11 - 5. What is the highest common divisor of 2 and v?
2
Suppose 0 = 3*b + 15, 0*b + 10 = 5*v + b. What is the greatest common factor of v and 9?
3
Let r(b) be the first derivative of -5*b**2/2 - 5*b + 1. Let v be r(-6). Suppose v + 19 = p. What is the highest common divisor of p and 4?
4
Let g(u) = 2*u + 78. Let d be g(-21). Calculate the greatest common factor of 4 and d.
4
Suppose 4*x + 0*x - 36 = 0. Let v = -11 + 17. Let f be (v + 0)/(3 - 2). Calculate the greatest common divisor of f and x.
3
Let v be (-1)/(-3) - (-4)/6. Let q be (-1*v)/(5/(-10)). What is the greatest common factor of 1 and q?
1
Suppose 65 = -0*s + 5*s. Calculate the highest common divisor of s and 91.
13
Suppose 5*l + 65 = 2*j, -j = -l - l - 33. Let m = -89 - -143. Let a = m - j. Calculate the highest common divisor of 76 and a.
19
Suppose -3*o + 12 - 6 = 0. Calculate the greatest common factor of 16 and o.
2
Suppose 2*v - 4*v + 840 = -m, m = v - 420. Suppose 2*n + 2*n - v = 0. What is the greatest common factor of 15 and n?
15
Let q be (2/3)/((-1)/(-51)). Calculate the greatest common divisor of 238 and q.
34
Let j = -8 + 24. Suppose -7*q + 8*q - 2 = 0. What is the highest common divisor of q and j?
2
Let s(i) = -i**3 + 8*i**2 - 9*i + 12. Let x be s(8). Let n = x - -124. Let u = 14 + -6. What is the highest common divisor of n and u?
8
Let r(g) = -g**3 + 2*g**2 + 4*g. Let x be r(2). Suppose 0 = -2*v + 4*q + 184, -2*q = -5*v - 3*q + 438. What is the highest common divisor of v and x?
8
Let n = -2 - -17. What is the greatest common divisor of n and 10?
5
Let g = 232 + -16. Calculate the highest common divisor of g and 27.
27
Suppose -d = -3*r + 186 - 76, 2*d = 2*r - 76. Suppose -3*p + 9 = 2*p - 2*q, p - 2*q = -3. Let z = 1 + p. Calculate the highest common divisor of r and z.
4
Let g be -6*294/(-10) - (-20)/(-50). Calculate the highest common divisor of g and 44.
44
Let d = 49 - 14. Suppose -d - 205 = -4*h. Let f(q) = 9*q - 3. Let m be f(3). Calculate the highest common divisor of h and m.
12
Suppose -1 = -3*z - 16. Let s(u) = -19*u - 11. Let o be s(z). What is the greatest common divisor of 12 and o?
12
Suppose 7*f = 3*f + 704. Calculate the highest common divisor of 22 and f.
22
Suppose 2*k + 4*b = 302, -2*b - 598 + 34 = -4*k. What is the greatest common divisor of 13 and k?
13
Let m be (4/3)/(2/15). Let l(x) = x**3 - 9*x**2 - 7*x + 3. Let g be l(m). What is the highest common factor of 11 and g?
11
Let r = -2 - -11. Suppose 0 = 5*o + 5*n - 25, 0*o - 2*o + 38 = -5*n. Calculate the highest common divisor of r and o.
9
Suppose 3*c - 6 - 3 = 0. Let i = -5 - -7. Let p be (i/(-2))/(1/(-12)). Calculate the greatest common factor of p and c.
3
Suppose 18*b - 20*b + 30 = 0. What is the greatest common factor of b and 6?
3
Suppose 4*i = 4*y + 7*i - 33, y + 4*i - 18 = 0. Let o be 2/10 + 45/25. Calculate the greatest common divisor of o and y.
2
Suppose -14 = 4*c - 30. Calculate the highest common factor of 36 and c.
4
Suppose 0 = -o - 3*o + 2*c + 58, -4*o - c = -43. Calculate the highest common divisor of o and 18.
6
Let h = 51 - 35. Let j(t) = 15*t + 25. Let g(s) = 15*s + 25. Let a(v) = -6*g(v) + 7*j(v). Let d be a(9). What is the greatest common factor of d and h?
16
Suppose 2*c - 34 = -0*d + 2*d, 0 = -4*d - 3*c - 68. Let h = 39 + d. What is the highest common factor of h and 2?
2
Let z be 26/((21/(-30))/(-7)). Suppose -4*j + 872 = z. Calculate the highest common factor of 17 and j.
17
Let n = 26 - 14. Calculate the highest common factor of 18 and n.
6
Suppose 2*d - 5*f + 0*f = 24, -36 = -3*d - 4*f. Calculate the highest common factor of 4 and d.
4
Let b = -21 + 12. Let k = b - -13. Calculate the greatest common factor of k and 16.
4
Let s = -19 - -29. What is the greatest common divisor of s and 5?
5
Let t(r) = r**3 - 4*r**2 - 1. Let h be t(5). Suppose -3*j = 0, 80 = 3*d - d - 4*j. Let x = d - h. What is the highest common divisor of 176 and x?
16
Suppose 4*n + 4*w - 104 = 0, -10*n = -6*n - 5*w - 86. Calculate the highest common divisor of n and 12.
12
Suppose -5*g - 5*h = -70, 41 = 5*g - h - 17. Let a = 54 + -92. Let t = a - -74. Calculate the greatest common divisor of g and t.
12
Let m(o) be the third derivative of -193*o**4/24 - o**3/6 - 3*o**2. Let l be m(-1). Suppose f + 3*f - l = 0. Calculate the highest common factor of 12 and f.
12
Let w = 66 + -63. What is the highest common factor of 3 and w?
3
Let p(z) = -z**3 + 50. Let i be p(0). What is the greatest common factor of 20 and i?
10
Suppose 0 = -3*q + 5*q - 4. Suppose 296 = 4*o - q*h, -5*h + 5 = 3*o - 191. Suppose 0 = y - 4*y + 24. What is the highest common factor of y and o?
8
Let f(v) = v**3 - 3*v**2 - 7*v + 2. Let c be f(5). Suppose -1496 = -7*x - x. What is the greatest common factor of x and c?
17
Let p be 4/((28/24)/7). Let f(r) = 2*r + 4. Let u be f(4). Calculate the highest common divisor of p and u.
12
Let g be 552/16 + 3/2. What is the greatest common factor of 4 and g?
4
Suppose -5*f + 4*f - 2*n + 48 = 0, 2*n - 8 = 0. What is the greatest common divisor of 24 and f?
8
Let q be 26/4*4/2. Let i(w) = 4*w**2 + 3*w - 7. Let o be i(-7). Let j = o - 77. Calculate the greatest common factor of j and q.
13
Let j = 47 - 25. Let u = 8 + j. Calculate the highest common divisor of 150 and u.
30
Let c(o) = 7*o - 19. Let a be c(13). What is the greatest common factor of a and 12?
12
Suppose 2*f - 2*h + 5*h = 115, -h + 5 = 0. What is the highest common factor of f and 75?
25
Let k = 25 + -22. Calculate the greatest common factor of k and 3.
3
Let f(w) = 2*w - 13. Let j = -6 - -15. Let a be f(j). Calculate the highest common divisor of 25 and a.
5
Let d(p) = 7*p**2 + 3*p + 5. Let s be d(-4). Calculate the highest common divisor of 15 and s.
15
Let s be 6/8 - 68/(-16). Suppose 3*r - 5*g = 9, -5*r + 15 = -4*g + s*g. Let i = 7 + r. Calculate the greatest common divisor of 5 and i.
5
Let r(s) be the first derivative of -4*s**2 + 16*s + 5. Let t be r(-13). What is the greatest common factor of t and 48?
24
Let v be (6/8)/(1/12). Let a(s) = 10*s**2 - 3*s - 1. Let z be a(-2). What is the highest common divisor of z and v?
9
Let v(q) = 4*q**3 - 2*q**2 + 1. Let i be v(1). Let r be (i/2)/(2/84). Calculate the greatest common divisor of r and 7.
7
Suppose 4*q - 3*s - 60 = 0, 3*q + 3*s - 12 = q. What is the greatest common factor of 12 and q?
12
Let h = -140 + 142. What is the greatest common divisor of 16 and h?
2
Suppose -4*h + 0*h + 18 = 3*m, 4*h + 42 = 3*m. Let v(s) = -2*s - 2 - 5*s + s. Let u be v(-2). What is the greatest common divisor of m and u?
10
Let m = -60 - -105. What is the greatest common factor of m and 9?
9
Let q(c) = -c**2 - 7*c + 11. Let r be q(-8). Let a be (-8)/r*-3 - -2. Let n = 2 - 0. What is the highest common divisor of a and n?
2
Suppose 2*k + k - 189 = 0. Let b(m) = m**3 - 2*m**2 - m - 3. Let a be b(-3). Let j = -3 - a. Calculate the greatest common divisor of k and j.
21
Let m(w) = 2*w - 14. Let t(s) = s - 7. Let n(k) = 6*m(k) - 13*t(k). Let f be n(-9). Calculate the highest common divisor of 24 and f.
8
Let a be (-12)/8*(-8)/(-6). Let y(x) = -5 - 5*x + 2 - 4*x. Let v be y(a). Calculate the greatest common factor of 120 and v.
15
Let d be (-17 - -13)*(-63)/4. Calculate the highest common divisor of 7 and d.
7
Let u be -3 + (4/10 - 1)*5. Let i(l) = 7*l**2 + l + l**3 + 7 - 1 - 4*l. Let n be i(u). What is the greatest common divisor of 12 and n?
12
Suppose j - 50 = -4*a - 0, 0 = 5*a - 10. Calculate the highest common divisor of j and 84.
42
Let n = 12 - 7. What is the greatest common divisor of n and 10?
5
Suppose -2*d + 33 = -5*q, 0*d - 3*q + 129 = 5*d. What is the greatest common factor of d and 72?
24
Let t(u) = -u**3 + 10*u**2 + u + 4. Let v(m) = m**2 - 1. Let g(k) = t(k) + 3*v(k). Let c be g(13). What is the greatest common divisor of 70 and c?
14
Suppose -2 = -h + 7. Suppose -6*l = -h*l + 39. What is the greatest common factor of 104 and l?
13
Let y = 128 - 74. Calculate the highest common divisor of